[INFO] fetching crate gdk-pixbuf 0.9.0...
[INFO] checking gdk-pixbuf-0.9.0 against master#af3c6e733a40e671550e0f0f5aeecaa13772ba56 for pr-74989
[INFO] extracting crate gdk-pixbuf 0.9.0 into /workspace/builds/worker-8/source
[INFO] validating manifest of crates.io crate gdk-pixbuf 0.9.0 on toolchain af3c6e733a40e671550e0f0f5aeecaa13772ba56
[INFO] running `Command { std: "/workspace/cargo-home/bin/cargo" "+af3c6e733a40e671550e0f0f5aeecaa13772ba56" "read-manifest" "--manifest-path" "Cargo.toml", kill_on_drop: false }`
[INFO] started tweaking crates.io crate gdk-pixbuf 0.9.0
[INFO] finished tweaking crates.io crate gdk-pixbuf 0.9.0
[INFO] tweaked toml for crates.io crate gdk-pixbuf 0.9.0 written to /workspace/builds/worker-8/source/Cargo.toml
[INFO] running `Command { std: "/workspace/cargo-home/bin/cargo" "+af3c6e733a40e671550e0f0f5aeecaa13772ba56" "generate-lockfile" "--manifest-path" "Cargo.toml" "-Zno-index-update", kill_on_drop: false }`
[INFO] running `Command { std: "/workspace/cargo-home/bin/cargo" "+af3c6e733a40e671550e0f0f5aeecaa13772ba56" "fetch" "--locked" "--manifest-path" "Cargo.toml", kill_on_drop: false }`
[INFO] running `Command { std: "docker" "create" "-v" "/var/lib/crater-agent-workspace/builds/worker-8/target:/opt/rustwide/target:rw,Z" "-v" "/var/lib/crater-agent-workspace/builds/worker-8/source:/opt/rustwide/workdir:ro,Z" "-v" "/var/lib/crater-agent-workspace/cargo-home:/opt/rustwide/cargo-home:ro,Z" "-v" "/var/lib/crater-agent-workspace/rustup-home:/opt/rustwide/rustup-home:ro,Z" "-e" "SOURCE_DIR=/opt/rustwide/workdir" "-e" "CARGO_TARGET_DIR=/opt/rustwide/target" "-e" "CARGO_HOME=/opt/rustwide/cargo-home" "-e" "RUSTUP_HOME=/opt/rustwide/rustup-home" "-w" "/opt/rustwide/workdir" "-m" "1610612736" "--user" "0:0" "--network" "none" "rustops/crates-build-env@sha256:d92eaeed33fa75130ca1ee6c8a01d1ffb62bac859dfdfb3450e3e5d1c0146529" "/opt/rustwide/cargo-home/bin/cargo" "+af3c6e733a40e671550e0f0f5aeecaa13772ba56" "metadata" "--no-deps" "--format-version=1", kill_on_drop: false }`
[INFO] [stderr] WARNING: Your kernel does not support swap limit capabilities or the cgroup is not mounted. Memory limited without swap.
[INFO] [stdout] f3054a476540004a29d97f36aae3cff21928486c4d42e9e69a01a6932a82d40a
[INFO] running `Command { std: "docker" "start" "-a" "f3054a476540004a29d97f36aae3cff21928486c4d42e9e69a01a6932a82d40a", kill_on_drop: false }`
[INFO] running `Command { std: "docker" "inspect" "f3054a476540004a29d97f36aae3cff21928486c4d42e9e69a01a6932a82d40a", kill_on_drop: false }`
[INFO] running `Command { std: "docker" "rm" "-f" "f3054a476540004a29d97f36aae3cff21928486c4d42e9e69a01a6932a82d40a", kill_on_drop: false }`
[INFO] [stdout] f3054a476540004a29d97f36aae3cff21928486c4d42e9e69a01a6932a82d40a
[INFO] running `Command { std: "docker" "create" "-v" "/var/lib/crater-agent-workspace/builds/worker-8/target:/opt/rustwide/target:rw,Z" "-v" "/var/lib/crater-agent-workspace/builds/worker-8/source:/opt/rustwide/workdir:ro,Z" "-v" "/var/lib/crater-agent-workspace/cargo-home:/opt/rustwide/cargo-home:ro,Z" "-v" "/var/lib/crater-agent-workspace/rustup-home:/opt/rustwide/rustup-home:ro,Z" "-e" "SOURCE_DIR=/opt/rustwide/workdir" "-e" "CARGO_TARGET_DIR=/opt/rustwide/target" "-e" "CARGO_INCREMENTAL=0" "-e" "RUST_BACKTRACE=full" "-e" "RUSTFLAGS=--cap-lints=forbid" "-e" "CARGO_HOME=/opt/rustwide/cargo-home" "-e" "RUSTUP_HOME=/opt/rustwide/rustup-home" "-w" "/opt/rustwide/workdir" "-m" "1610612736" "--user" "0:0" "--network" "none" "rustops/crates-build-env@sha256:d92eaeed33fa75130ca1ee6c8a01d1ffb62bac859dfdfb3450e3e5d1c0146529" "/opt/rustwide/cargo-home/bin/cargo" "+af3c6e733a40e671550e0f0f5aeecaa13772ba56" "check" "--frozen" "--all" "--all-targets" "--message-format=json", kill_on_drop: false }`
[INFO] [stderr] WARNING: Your kernel does not support swap limit capabilities or the cgroup is not mounted. Memory limited without swap.
[INFO] [stdout] 88ba0944236498912a577e1de47536656ccd320017282286f16c11ab81c5b36a
[INFO] running `Command { std: "docker" "start" "-a" "88ba0944236498912a577e1de47536656ccd320017282286f16c11ab81c5b36a", kill_on_drop: false }`
[INFO] [stderr]    Compiling proc-macro2 v1.0.21
[INFO] [stderr]    Compiling unicode-xid v0.2.1
[INFO] [stderr]    Compiling syn v1.0.40
[INFO] [stderr]    Compiling serde v1.0.116
[INFO] [stderr]    Compiling unicode-segmentation v1.6.0
[INFO] [stderr]    Compiling pkg-config v0.3.18
[INFO] [stderr]    Compiling strum v0.18.0
[INFO] [stderr]    Compiling version-compare v0.0.10
[INFO] [stderr]    Compiling version_check v0.9.2
[INFO] [stderr]    Compiling libc v0.2.77
[INFO] [stderr]    Compiling pin-project-internal v0.4.23
[INFO] [stderr]    Compiling proc-macro-nested v0.1.6
[INFO] [stderr]    Compiling memchr v2.3.3
[INFO] [stderr]     Checking once_cell v1.4.1
[INFO] [stderr]    Compiling proc-macro-hack v0.5.18
[INFO] [stderr]     Checking futures-sink v0.3.5
[INFO] [stderr]    Compiling anyhow v1.0.32
[INFO] [stderr]     Checking pin-utils v0.1.0
[INFO] [stderr]     Checking slab v0.4.2
[INFO] [stderr]    Compiling bitflags v1.2.1
[INFO] [stderr]    Compiling either v1.6.0
[INFO] [stderr]    Compiling gio v0.9.1
[INFO] [stderr]    Compiling gdk-pixbuf v0.9.0 (/opt/rustwide/workdir)
[INFO] [stderr]     Checking futures-task v0.3.5
[INFO] [stderr]     Checking futures-channel v0.3.5
[INFO] [stderr]    Compiling itertools v0.9.0
[INFO] [stderr]    Compiling heck v0.3.1
[INFO] [stderr]    Compiling proc-macro-error-attr v1.0.4
[INFO] [stderr]    Compiling proc-macro-error v1.0.4
[INFO] [stderr]    Compiling quote v1.0.7
[INFO] [stderr]    Compiling toml v0.5.6
[INFO] [stderr]    Compiling proc-macro-crate v0.1.5
[INFO] [stderr]    Compiling thiserror-impl v1.0.20
[INFO] [stderr]    Compiling strum_macros v0.18.0
[INFO] [stderr]    Compiling futures-macro v0.3.5
[INFO] [stderr]    Compiling glib-macros v0.10.1
[INFO] [stderr]    Compiling thiserror v1.0.20
[INFO] [stderr]    Compiling system-deps v1.3.2
[INFO] [stderr]     Checking pin-project v0.4.23
[INFO] [stderr]    Compiling glib-sys v0.10.0
[INFO] [stderr]    Compiling gobject-sys v0.10.0
[INFO] [stderr]    Compiling gio-sys v0.10.0
[INFO] [stderr]    Compiling gdk-pixbuf-sys v0.10.0
[INFO] [stderr]     Checking futures-util v0.3.5
[INFO] [stderr]     Checking futures-executor v0.3.5
[INFO] [stderr]     Checking futures v0.3.5
[INFO] [stderr]     Checking glib v0.10.2
[INFO] [stdout] error[E0599]: no function or associated item named `new_from_mut_slice` found for struct `gdk_pixbuf::Pixbuf` in the current scope
[INFO] [stdout]   --> tests/overflow.rs:40:17
[INFO] [stdout]    |
[INFO] [stdout] 40 |         Pixbuf::new_from_mut_slice(data, Colorspace::Rgb, true, 8, 21000, 29700, 21000 * 4);
[INFO] [stdout]    |                 ^^^^^^^^^^^^^^^^^^
[INFO] [stdout]    |                 |
[INFO] [stdout]    |                 function or associated item not found in `gdk_pixbuf::Pixbuf`
[INFO] [stdout]    |                 help: there is an associated function with a similar name: `from_mut_slice`
[INFO] [stdout] 
[INFO] [stdout] 
[INFO] [stdout] error[E0599]: no function or associated item named `new_from_mut_slice` found for struct `gdk_pixbuf::Pixbuf` in the current scope
[INFO] [stdout]   --> tests/overflow.rs:64:13
[INFO] [stdout]    |
[INFO] [stdout] 64 |     Pixbuf::new_from_mut_slice(data, Colorspace::Rgb, true, 8, 100, 100, 100 * 4);
[INFO] [stdout]    |             ^^^^^^^^^^^^^^^^^^
[INFO] [stdout]    |             |
[INFO] [stdout]    |             function or associated item not found in `gdk_pixbuf::Pixbuf`
[INFO] [stdout]    |             help: there is an associated function with a similar name: `from_mut_slice`
[INFO] [stdout] 
[INFO] [stdout] 
[INFO] [stdout] error[E0599]: no function or associated item named `new_from_mut_slice` found for struct `gdk_pixbuf::Pixbuf` in the current scope
[INFO] [stdout]   --> tests/overflow.rs:72:13
[INFO] [stdout]    |
[INFO] [stdout] 72 |     Pixbuf::new_from_mut_slice(data, Colorspace::Rgb, false, 8, 1, 4, 4);
[INFO] [stdout]    |             ^^^^^^^^^^^^^^^^^^
[INFO] [stdout]    |             |
[INFO] [stdout]    |             function or associated item not found in `gdk_pixbuf::Pixbuf`
[INFO] [stdout]    |             help: there is an associated function with a similar name: `from_mut_slice`
[INFO] [stdout] 
[INFO] [stdout] 
[INFO] [stdout] error[E0599]: no function or associated item named `new_from_mut_slice` found for struct `gdk_pixbuf::Pixbuf` in the current scope
[INFO] [stdout]   --> tests/overflow.rs:80:13
[INFO] [stdout]    |
[INFO] [stdout] 80 |     Pixbuf::new_from_mut_slice(data, Colorspace::Rgb, false, 8, 1, 4, 4);
[INFO] [stdout]    |             ^^^^^^^^^^^^^^^^^^
[INFO] [stdout]    |             |
[INFO] [stdout]    |             function or associated item not found in `gdk_pixbuf::Pixbuf`
[INFO] [stdout]    |             help: there is an associated function with a similar name: `from_mut_slice`
[INFO] [stdout] 
[INFO] [stdout] 
[INFO] [stdout] error[E0599]: no function or associated item named `new_from_mut_slice` found for struct `gdk_pixbuf::Pixbuf` in the current scope
[INFO] [stdout]   --> tests/overflow.rs:88:13
[INFO] [stdout]    |
[INFO] [stdout] 88 |     Pixbuf::new_from_mut_slice(data, Colorspace::Rgb, false, 8, 1, 4, 4);
[INFO] [stdout]    |             ^^^^^^^^^^^^^^^^^^
[INFO] [stdout]    |             |
[INFO] [stdout]    |             function or associated item not found in `gdk_pixbuf::Pixbuf`
[INFO] [stdout]    |             help: there is an associated function with a similar name: `from_mut_slice`
[INFO] [stdout] 
[INFO] [stdout] 
[INFO] [stdout] error: aborting due to 5 previous errors
[INFO] [stdout] 
[INFO] [stdout] 
[INFO] [stdout] For more information about this error, try `rustc --explain E0599`.
[INFO] [stdout] 
[INFO] [stderr] error: could not compile `gdk-pixbuf`.
[INFO] [stderr] 
[INFO] [stderr] To learn more, run the command again with --verbose.
[INFO] running `Command { std: "docker" "inspect" "88ba0944236498912a577e1de47536656ccd320017282286f16c11ab81c5b36a", kill_on_drop: false }`
[INFO] running `Command { std: "docker" "rm" "-f" "88ba0944236498912a577e1de47536656ccd320017282286f16c11ab81c5b36a", kill_on_drop: false }`
[INFO] [stdout] 88ba0944236498912a577e1de47536656ccd320017282286f16c11ab81c5b36a
